s the tens digit of 4679?
7
What is the tens digit of 1210?
1
What is the thousands digit of 98060?
8
What is the hundreds digit of 9438?
4
What is the hundreds digit of 1147?
1
What is the thousands digit of 43319?
3
What is the thousands digit of 30273?
0
What is the units digit of 1080?
0
What is the units digit of 3971?
1
What is the hundreds digit of 17239?
2
What is the tens digit of 3092?
9
What is the units digit of 209?
9
What is the thousands digit of 3064?
3
What is the hundreds digit of 206?
2
What is the units digit of 581?
1
What is the tens digit of 674?
7
What is the thousands digit of 5707?
5
What is the units digit of 4092?
2
What is the thousands digit of 1508?
1
What is the tens digit of 4768?
6
What is the hundreds digit of 19592?
5
What is the ten thousands digit of 17914?
1
What is the units digit of 54290?
0
What is the units digit of 28724?
4
What is the units digit of 38659?
9
What is the hundreds digit of 6000?
0
What is the units digit of 4415?
5
What is the tens digit of 1449?
4
What is the units digit of 27777?
7
What is the units digit of 5908?
8
What is the units digit of 585?
5
What is the units digit of 731?
1
What is the hundreds digit of 4372?
3
What is the hundred thousands digit of 140339?
1
What is the hundreds digit of 925?
9
What is the ten thousands digit of 19234?
1
What is the tens digit of 4708?
0
What is the hundreds digit of 48486?
4
What is the units digit of 5430?
0
What is the tens digit of 17315?
1
What is the thousands digit of 86466?
6
What is the tens digit of 52630?
3
What is the hundreds digit of 10255?
2
What is the tens digit of 2041?
4
What is the tens digit of 1023?
2
What is the tens digit of 108708?
0
What is the tens digit of 4405?
0
What is the units digit of 5273?
3
What is the units digit of 2413?
3
What is the hundreds digit of 30313?
3
What is the hundreds digit of 4105?
1
What is the units digit of 1984?
4
What is the ten thousands digit of 76620?
7
What is the tens digit of 33239?
3
What is the units digit of 33598?
8
What is the hundreds digit of 31074?
0
What is the hundreds digit of 81844?
8
What is the hundreds digit of 1525?
5
What is the units digit of 1127?
7
What is the hundreds digit of 92548?
5
What is the hundreds digit of 1910?
9
What is the hundred thousands digit of 109631?
1
What is the hundreds digit of 3450?
4
What is the thousands digit of 74957?
4
What is the hundreds digit of 1456?
4
What is the thousands digit of 1358?
1
What is the tens digit of 98?
9
What is the units digit of 7260?
0
What is the tens digit of 3323?
2
What is the units digit of 2713?
3
What is the thousands digit of 3105?
3
What is the thousands digit of 1804?
1
What is the units digit of 24774?
4
What is the hundreds digit of 180?
1
What is the hundreds digit of 6079?
0
What is the units digit of 8830?
0
What is the tens digit of 27215?
1
What is the units digit of 388?
8
What is the hundreds digit of 12503?
5
What is the units digit of 986?
6
What is the units digit of 2810?
0
What is the ten thousands digit of 13589?
1
What is the units digit of 6604?
4
What is the hundreds digit of 1529?
5
What is the units digit of 6464?
4
What is the units digit of 17964?
4
What is the tens digit of 48278?
7
What is the thousands digit of 11593?
1
What is the hundreds digit of 9187?
1
What is the thousands digit of 4470?
4
What is the units digit of 781?
1
What is the hundreds digit of 2756?
7
What is the units digit of 78944?
4
What is the tens digit of 6730?
3
What is the hundreds digit of 847?
8
What is the thousands digit of 13805?
3
What is the units digit of 9421?
1
What is the units digit of 3108?
8
What is the hundreds digit of 228?
2
What is the tens digit of 4179?
7
What is the ten thousands digit of 66916?
6
What is the units digit of 2446?
6
What is the units digit of 2528?
8
What is the hundreds digit of 8244?
2
What is the units digit of 326?
6
What is the hundreds digit of 18371?
3
What is the thousands digit of 4815?
4
What is the hundreds digit of 3070?
0
What is the ten thousands digit of 83489?
8
What is the tens digit of 7346?
4
What is the units digit of 515?
5
What is the tens digit of 23195?
9
What is the tens digit of 6385?
8
What is the units digit of 5672?
2
What is the tens digit of 5314?
1
What is the hundreds digit of 59569?
5
What is the hundreds digit of 3854?
8
What is the units digit of 64749?
9
What is the tens digit of 5302?
0
What is the hundreds digit of 25924?
9
What is the units digit of 767?
7
What is the tens digit of 124?
2
What is the thousands digit of 2668?
2
What is the tens digit of 7731?
3
What is the tens digit of 93256?
5
What is the thousands digit of 13839?
3
What is the tens digit of 128052?
5
What is the tens digit of 3300?
0
What is the units digit of 374?
4
What is the tens digit of 46491?
9
What is the units digit of 1284?
4
What is the tens digit of 11404?
0
What is the ten thousands digit of 37181?
3
What is the units digit of 1660?
0
What is the hundreds digit of 8990?
9
What is the hundreds digit of 58200?
2
What is the ten thousands digit of 25784?
2
What is the hundreds digit of 23794?
7
What is the hundreds digit of 5062?
0
What is the units digit of 20047?
7
What is the tens digit of 71207?
0
What is the hundreds digit of 29386?
3
What is the tens digit of 9527?
2
What is the units digit of 14382?
2
What is the ten thousands digit of 29964?
2
What is the tens digit of 6915?
1
What is the units digit of 3218?
8
What is the hundreds digit of 2516?
5
What is the units digit of 2641?
1
What is the thousands digit of 39347?
9
What is the thousands digit of 1382?
1
What is the thousands digit of 1491?
1
What is the tens digit of 2770?
7
What is the tens digit of 980?
8
What is the units digit of 4754?
4
What is the hundreds digit of 1462?
4
What is the hundreds digit of 4564?
5
What is the hundreds digit of 715?
7
What is the thousands digit of 46476?
6
What is the tens digit of 1634?
3
What is the thousands digit of 2904?
2
What is the tens digit of 10114?
1
What is the units digit of 2772?
2
What is the hundreds digit of 51896?
8
What is the hundreds digit of 595?
5
What is the thousands digit of 4097?
4
What is the tens digit of 132477?
7
What is the thousands digit of 62438?
2
What is the units digit of 77796?
6
What is the tens digit of 18200?
0
What is the hundreds digit of 2959?
9
What is the units digit of 157?
7
What is the ten thousands digit of 42570?
4
What is the units digit of 112629?
9
What is the tens digit of 51259?
5
What is the units digit of 3232?
2
What is the tens digit of 339?
3
What is the tens digit of 76569?
6
What is the hundreds digit of 2417?
4
What is the hundreds digit of 260?
2
What is the tens digit of 10444?
4
What is the units digit of 502?
2
What is the thousands digit of 1798?
1
What is the tens digit of 9386?
8
What is the thousands digit of 23176?
3
What is the hundreds digit of 2781?
7
What is the thousands digit of 11169?
1
What is the hundreds digit of 48928?
9
What is the hundreds digit of 1314?
3
What is the thousands digit of 29456?
9
What is the thousands digit of 2724?
2
What is the thousands digit of 2837?
2
What is the tens digit of 6945?
4
What is the tens digit of 7229?
2
What is the units digit of 7012?
2
What is the hundreds digit of 2133?
1
What is the hundreds digit of 21178?
1
What is the units digit of 106981?
1
What is the hundreds digit of 19776?
7
What is the hundreds digit of 4837?
8
What is the tens digit of 64613?
1
What is the ten thousands digit of 33879?
3
What is the thousands digit of 1632?
1
What is the tens digit of 20046?
4
What is the hundreds digit of 5417?
4
What is the thousands digit of 1800?
1
What is the hundreds digit of 660?
6
What is the units digit of 513?
3
What is the thousands digit of 2105?
2
What is the tens digit of 1268?
6
What is the ten thousands digit of 149170?
4
What is the tens digit of 36714?
1
What is the tens digit of 60324?
2
What is the units digit of 5852?
2
What is the thousands digit of 1961?
1
What is the thousands digit of 12452?
2
What is the hundreds digit of 425?
4
What is the units digit of 8901?
1
What is the thousands digit of 1696?
1
What is the thousands digit of 19941?
9
What is the thousands digit of 123440?
3
What is th